895 is divided by o?
202
Suppose 2*w = -x - w + 35, -3*x + 2*w + 127 = 0. Let f = -78 - -28. Let c = -28 - f. Calculate the remainder when x is divided by c.
19
Let f(w) = w**3 - 40*w**2 + 40*w - 23. Suppose -89 = -4*z + 67. Calculate the remainder when 189 is divided by f(z).
13
Let z(d) = d**3 - 14*d**2 + 3*d - 45. Let f be z(14). Calculate the remainder when 244 is divided by (f/(-9) - 0)*123.
39
Let j(a) = 2*a**3 + 36*a**2 - 95*a - 52. Calculate the remainder when j(-20) is divided by 15.
8
Let g(w) = -39*w + 409. Calculate the remainder when 2526 is divided by g(10).
18
Suppose 30 = 4*o - 0*o - 2*s, 0 = -3*o + 2*s + 22. Let b = -6 + o. Calculate the remainder when 6 is divided by (-4)/(-4)*(b - -3).
1
Let m be (-8)/20 + (-176)/(-40). Suppose -2*z = -m*u - 15 - 33, -4*u - 144 = -5*z. Calculate the remainder when 87 is divided by z.
23
Suppose -4*c = -2 - 2, 3*k - 50 = -5*c. Let a be k/6*(-2)/5*-8. Calculate the remainder when 67 is divided by (18/a)/((-3)/(-48)).
31
Let y = -94 + 205. Suppose t = -f + 6, 3*f = 64*t - 66*t + 16. Suppose 12*u - f*u = 104. What is the remainder when y is divided by u?
7
Suppose 8*w = 953 + 3695. What is the remainder when 586 is divided by w?
5
Let l = 192 + -122. Suppose 0 = 4*z + 4*p + 184, 0 = z - 3*p - 9 + 47. Let m = -26 - z. Calculate the remainder when l is divided by m.
16
Let j(z) = 2*z**2 - 10*z - 29. Let p be j(7). Let w(f) = 371*f**2 - 16*f - 16. What is the remainder when w(p) is divided by 62?
61
What is the remainder when (-14)/(-2) + (426 - -66) is divided by 46?
39
Suppose 2*f + f - 60 = -2*r, -f = 0. Let u be 3/9 + (-46)/3. Let i = 134 + u. Calculate the remainder when i is divided by r.
29
Let t be (4 - 7) + -6*27. Let s = -149 - t. What is the remainder when 173 is divided by s?
13
Suppose -b + 95 + 0 = 0. Calculate the remainder when b is divided by (-2)/(-18)*3 + (-17)/(-459)*369.
11
Suppose -4*s + 46 = 2*x, 2*s - 11 = s - x. Suppose 1317 = 4*r + m - 6*m, r + m = 318. What is the remainder when r is divided by s?
11
Suppose a = 9 + 6. Suppose a*s + 15 = 16*s. What is the remainder when -30*(-3)/(s/14) is divided by 17?
16
Suppose 4*d = 1995 - 851. Calculate the remainder when d is divided by 71.
2
Suppose p - 6*p + 1279 = 3*a, 5*p - 4*a - 1293 = 0. What is the remainder when p is divided by 138?
119
Let y = 629 - 545. Calculate the remainder when y is divided by 64.
20
Suppose 3*k - 4428 = -4065. Let r = -79 - -141. What is the remainder when k is divided by r?
59
Suppose 0 = 5*d + 15, -3*d - 382 = 4*t - 757. Suppose n - 4*n + 33 = 0. Calculate the remainder when t is divided by n.
8
Let m = 10466 - 10461. Calculate the remainder when 2 + 207 + -2 + 0 is divided by m.
2
Let y be 180/(-45) - ((0 - -1) + -7). Suppose -y*b = 2*b - 288. What is the remainder when b is divided by 20?
12
Let z(o) = -3*o + 38. Suppose -12*t = -14*t + 6. What is the remainder when 230 is divided by z(t)?
27
Let c = -626 - -622. Calculate the remainder when -182*(120/(-16) - c) is divided by 20.
17
Let z(q) = 117*q + 16294. Calculate the remainder when 2753 is divided by z(-139).
25
Suppose 0 = 4*s - 4*t - 5112, s - 935*t = -938*t + 1294. Calculate the remainder when s is divided by 66.
28
Let j be (20/(-6))/((-28)/1260). Suppose 8*c - 566 = -j. Calculate the remainder when 171 is divided by c.
15
Suppose 0 = 4*q - 5*g - 863, 75 + 127 = q - 4*g. Let y = 271 - q. Calculate the remainder when 75 is divided by y.
26
Let p(n) = n**3 + 9*n**2 + 14*n - 4. Suppose -i = -4*i + 3*v - 30, -i + 2*v - 14 = 0. Calculate the remainder when 77 is divided by p(i).
17
Let g = -1990 - -1984. Let q(z) be the first derivative of 4*z**3/3 + 7*z**2 - z - 1. What is the remainder when q(g) is divided by 15?
14
Suppose 0 = -2121*g + 2108*g + 4823. Calculate the remainder when g is divided by 53.
0
Suppose -5*p - 2*z = -1580, -p - 957 = -4*p - 3*z. Suppose 1063*u - 1065*u = 5*y - 207, 4*y - u = 189. Calculate the remainder when p is divided by y.
44
Suppose 5*m = 3*f + 3 + 7, -5*m + 5 = -4*f. Let b be m*(2 - 0)*64/80. Let x(o) = 10*o - 65. What is the remainder when 59 is divided by x(b)?
14
Let m = 904 + -769. Calculate the remainder when 407 is divided by m.
2
Suppose 11*q - 16*q - 527 = 4*k, k + 4*q + 129 = 0. Let d = 172 + k. What is the remainder when 73 is divided by d?
34
Let s be (-2)/(2/10 + (-273)/1395). Let q = s + 762. Calculate the remainder when q is divided by 60.
57
Suppose 20 = -2*y + 3*y. Let n = -184 + 358. Let u = -118 + n. Calculate the remainder when u is divided by y.
16
Let n be (-4)/22 + (-636)/132. Let o = n - -115. Calculate the remainder when o is divided by 8.
6
Let o(u) = u**3 - 4*u**2 + 6*u - 6. Let j be o(3). What is the remainder when (-59044)/(-174) - (-2)/j is divided by 19?
17
Let v(a) = -a**2 - 2*a + 10. Let l be v(2). Suppose -g + 2*b = -18, -g - 18 = l*b - 16. What is the remainder when g is divided by 3?
2
Let k(l) = 2*l**3 + 25*l**2 + 65*l + 715. What is the remainder when 945 is divided by k(-12)?
76
Let x = 2674 - 2655. What is the remainder when -3 - 3/(3/(-26)) is divided by x?
4
Let b = 452 + -285. Suppose 0 = -4*a - 114*y + 112*y + 40, -a = -5*y - 54. Calculate the remainder when b is divided by a.
13
Calculate the remainder when (0 + -3)*1 + 810 + -2 + -7 is divided by 80.
78
Let j = -23 + 45. Suppose 5*b - 10 = v, -2*v = 2*b - 7*b + 40. Calculate the remainder when j is divided by (4/1)/((-20)/v).
4
Let b = -34381 - -36404. What is the remainder when b is divided by 1011?
1
Let p be 5/1 - (-919 + 9 + -3). Let q = 1069 - p. Calculate the remainder when q is divided by 38.
37
Let a(p) be the first derivative of p**3 + 3*p**2/2 - 7. What is the remainder when a(-4) is divided by ((-10)/24)/5 + 8450/600?
8
Suppose 15*v + 1842 = 21*v. Suppose -389 = -n - v. Calculate the remainder when n is divided by 11.
5
Let b be 75/(-45)*24/(-10) - -1. Suppose b*w - 898 = -4*p - 125, 2*p - 308 = -2*w. What is the remainder when w is divided by 49?
10
Let o(p) = p**3 - 4*p**2 + 7*p + 2. Let t = -35 + 37. Suppose -2*h + 20 = t*h. Calculate the remainder when o(h) is divided by 13.
10
Suppose 282 = -16*m - 1606. Let l = -88 - m. Calculate the remainder when (1 - 3)/(-2) - -115 is divided by l.
26
Suppose -5*h - 5*l - 5 = 0, 5*h - 31 = -33*l + 37*l. Suppose -75 = -4*c + h*p - 0*p, 5*p = 2*c - 41. What is the remainder when 66 is divided by c?
12
Let v = 9300 + -9280. Calculate the remainder when 313 is divided by v.
13
Suppose -2*g = 4*m - 4, m = g - 2*m - 7. Suppose 0 = g*k - 2*o - 1016, -k - 5*o + 164 = -90. Let b = k - 140. What is the remainder when b is divided by 13?
10
Let q = -8295 + 8869. What is the remainder when q is divided by 34?
30
Let u(b) be the second derivative of -b**3/6 + 23*b**2/2 - 16*b. Let k = -35 + 102. What is the remainder when k is divided by u(0)?
21
Let z(n) = -n**3 - 5*n**2 - 6*n + 7. Let k be (-896 - (5 - 7)) + -3. Let l = -867 - k. What is the remainder when z(-7) is divided by l?
27
What is the remainder when 43*2 - (-68 + 55) is divided by 77?
22
Suppose 0 = -29*z + 8*z + 29841. Calculate the remainder when z is divided by 15.
11
Suppose 0 = -13*p + 4249 - 466 + 4537. What is the remainder when p is divided by 133?
108
Suppose -2*t = -5*h - 4910, 2*h = -2*t + 48 - 1998. Let c = h - -1039. Calculate the remainder when 183 is divided by c.
6
Calculate the remainder when 643/((-13)/(-312)*12) is divided by 86.
82
Let l = -98 + 167. Suppose -26 = -v + l. Calculate the remainder when v is divided by 54.
41
Let o = 4075 - 3918. What is the remainder when 440 is divided by o?
126
Suppose -19*p + 2494 = -888. Calculate the remainder when 213 is divided by p.
35
Let c be -99*(-12)/18*2/4. Let y = c + -17. Suppose 0 = b + x - y, -2*b + x = -4*x - 39. Calculate the remainder when 32 is divided by b.
15
Suppose 0 = 5*v - 7*v + 10. Suppose 0 = -6*a - v + 11. Calculate the remainder when a*(47 + -1*(-3)/(-3)) is divided by 24.
22
Suppose 2*j - 240 = -4*f, 13*j + 62 = f + 14*j. Calculate the remainder when 1260 is divided by f.
42
Let p = -3 + 4. Suppose -113 = -5*a - 18. Calculate the remainder when 716/8 + p/2 - -2 is divided by a.
16
Let a = 9041 + -9022. What is the remainder when a is divided by 10?
9
Let l(z) = 13*z - 34. Calculate the remainder when l(9) is divided by -8 - -1 - 